. Let b(x) = 2*x - 2 + 3 - x. Give b(s).
-3
Let b(g) = 3*g - 3. Let n(s) = 2 - 7 + s + 3. Let w(p) = 3*b(p) - 5*n(p). Determine w(-1).
-3
Let k(o) = -o**3 - 5*o**2 - 11. Let u(b) = 2*b**3 + 10*b**2 - b + 21. Let j(c) = -5*k(c) - 3*u(c). Calculate j(-6).
10
Let d(p) be the first derivative of p**4/4 - p**3 - 3*p**2/2 + 10. Let o be ((-5 - 7) + 4)*1/(-2). Calculate d(o).
4
Let v be 54/28 + (-55)/(-770). Let d(l) = 4*l**3 - l**2 + l + 2. Determine d(v).
32
Let h(p) be the first derivative of -5*p**2/2 - p - 122. Determine h(-6).
29
Suppose -4*k - 5 = -3*l - 8*k, -5*l + 17 = -2*k. Suppose 9*f = l*f - 6. Let i(j) be the third derivative of j**5/20 - j**4/12 - j**3/6 + 2*j**2. Calculate i(f).
4
Let o(z) be the second derivative of 0 + 3*z**2 + 26*z - 1/6*z**3. Let p(u) = 2*u**2 + 4*u. Let l be p(-3). What is o(l)?
0
Let y(s) = -4*s**2 - 5*s + 1. Let b(x) = -x + 15. Let f be b(10). Let h(m) = -m**2 - m + 1. Let n(j) = f*h(j) - y(j). Determine n(3).
-5
Let x(s) = s**2 + 3*s + 3. Let p(a) = -2*a + 1. Let h be p(1). Let r(g) = 4*g + 2. Let m be r(h). Calculate x(m).
1
Let m(w) be the first derivative of 3/8*w**4 + 1/40*w**5 + w**3 + 5 + 0*w + 0*w**2. Let u(n) be the third derivative of m(n). Determine u(-6).
-9
Let r(k) = -1904*k**2 - 1907*k**2 + 22 - 1 - 11*k + 3810*k**2. Give r(-12).
9
Let r(m) = -m + 6. Let l be r(-8). Let w(o) = 2*o - 21 + 11 + 2*o + 4 - 3*o. Calculate w(l).
8
Let h(z) = 22*z + z**2 - 51*z + 21*z + 6. Suppose -5 - 5 = -2*a. Determine h(a).
-9
Let y(t) = -34 + 36 + 7*t**2 - 8*t**2 - 3*t + 6*t. Determine y(2).
4
Let r(h) = -h**3 - 7*h**2 - 7*h - 4. Suppose 4*c + 5*b + 13 = 0, 4*c - 2*c = 5*b - 29. Determine r(c).
45
Let d(l) be the second derivative of -l**3/3 - 2*l**2 - 166*l. What is d(3)?
-10
Let h(p) = 1 - 329*p - 3*p**2 + 8*p**2 + 288*p. Let y(t) = 23*t**2 + 23*t**2 - 47*t**2 + 8*t. Let i(z) = -2*h(z) - 11*y(z). What is i(7)?
5
Let d(r) be the third derivative of -r**6/120 - r**5/6 + r**4/24 - r**3/3 - 2*r**2 - 21. Determine d(-10).
-12
Let n(m) be the second derivative of m**5/20 + 5*m**4/12 + 5*m**3/6 - m**2 - 4*m + 39. Determine n(-3).
1
Let v(g) = -g**2 - 4*g + 1. Suppose -8 = 4*f + 5*h, 2*f - 5*h = -h + 22. Suppose 0 = 3*r + 3*z + 24, -z - 17 = -r + f*z. Give v(r).
4
Let m(p) = p**2 - 8*p + 5. Suppose 2*l + l - 5*a - 154 = 0, -10 = 2*a. Let u = -35 + l. Determine m(u).
5
Let f(o) = -3*o + 7. Let y(b) = b - 1. Let z(c) = f(c) + 4*y(c). Suppose 4*u - 2*u = 4*t + 12, -3*t = u + 19. Calculate z(u).
-1
Let c = -38 + 27. Let h(p) = -p**2 - 9*p + 10. What is h(c)?
-12
Let s(f) be the first derivative of f**7/840 - f**6/120 - f**5/20 + f**4/12 - 2*f**3 - 22. Let p(a) be the third derivative of s(a). Calculate p(4).
-6
Suppose 0*t - 16 = 4*t, -c + t = -5. Suppose 15 = -w + 14. Let r = c - w. Let j(u) = -3*u**2 - 2. Give j(r).
-14
Let j = 22 - 19. Let f be (-2 + 2)/(j - -1). Let b(a) = -a**2 + a + 6. What is b(f)?
6
Let t(a) be the first derivative of 3*a + 5/2*a**2 - 25 + 1/3*a**3. What is t(-5)?
3
Suppose -16*q = -20*q + 12. Suppose 5*k = -2*j - 15, -5*j + 5 = q*k - 5. Let t(v) = -v**3 + 4*v**2 + 5. Determine t(j).
-20
Let w(b) = b**3 - 14*b**2 - b + 3. Suppose -7*k + 3*p = -9*k + 16, 4*p + 86 = 5*k. Determine w(k).
-11
Let k(y) be the first derivative of y**4/4 - 4*y**3/3 - 9*y**2/2 + 6*y + 54. Give k(6).
24
Suppose 4 = u - o + 2, -2*u - 4*o + 34 = 0. Let y = -5 + u. Suppose 3*m + 2*c + 6 - 18 = 0, y*c + 6 = 0. Let z(i) = i**3 - 5*i**2 - 6*i - 1. Give z(m).
-1
Let t(o) = o**3 - 5*o**2 - 6*o. Let l = 161 - 155. What is t(l)?
0
Let q(i) = -19*i - 35. Let w(m) = -5*m - 12. Let y(b) = 2*q(b) - 7*w(b). Determine y(3).
5
Let y(s) be the first derivative of s**2/2 - 4*s - 11. Let l(q) = 5*q + 15. Let p(t) = -11*t - 31. Let w(b) = -13*l(b) - 6*p(b). Let v be w(9). What is y(v)?
-4
Let b be (9/(-4))/((-9)/96). Let r = b + -34. Let y = 14 + r. Let j(v) = -v**3 + 5*v**2 - v - 3. Calculate j(y).
9
Let d(x) be the third derivative of x**4/8 + 17*x**3/6 - 2*x**2 - 46*x. Determine d(-5).
2
Let i(d) = -d - 2. Let s be i(-2). Let a(r) = s*r - 3*r + 4*r - 3 - 2*r. What is a(-4)?
1
Let z(n) = n**3 - 13*n**2 - 20*n - 9. Let g be z(14). Let i = g + 90. Let y(j) = j**3 + 4*j**2 + j. Calculate y(i).
6
Let r(t) = 10 - t + 3*t + 0*t - 17. What is r(5)?
3
Let x(s) be the first derivative of -s**2/2 + 2*s + 17. Let d be 1*(-3)/2*(2 + -4). What is x(d)?
-1
Let o(c) = -c**2 + c + 10. Let q(i) = 3*i**2 - 4*i - 31. Let h(z) = 7*o(z) + 2*q(z). Give h(-6).
-22
Suppose 2*l = l. Suppose 2*m - m = l. Suppose -5*u - 4 = 4*r - 21, 5*u + 5*r - 20 = m. Let z(n) = -7*n**3 + n**2 - n. Give z(u).
-7
Let p(q) = 6*q**2 - 2*q - 64. Let m(x) = -2*x**2 + x + 22. Let o(i) = 17*m(i) + 6*p(i). What is o(-5)?
15
Let k = 1 + -3. Let d = k - -6. Let c(x) = -2*x**2 - 9*x + 5. Let l(w) = 3*w**2 + 17*w - 10. Let h(j) = 5*c(j) + 3*l(j). Calculate h(d).
3
Let x(g) = -3*g**3 - 2*g**2 + 1. Let o(j) = -16*j**3 - 11*j**2 + 6. Suppose -p + 3*n - 17 = 0, -3*n + 29 = 14. Let a(k) = p*o(k) + 11*x(k). Calculate a(-3).
26
Let z(d) = -d - 1. Let l be (1*-2)/((-6)/9). Let b(i) = 3*i**2 + 4*i**3 - 4*i**l + 4*i**3 + 2 - 5*i**3. Let m be b(3). Calculate z(m).
-3
Suppose 3 = 3*w - 9. Let j(m) = 3 - 3*m**2 - 4*m**2 - w*m**2 + m**3 - m + m**2. Determine j(10).
-7
Let r(y) = -5*y + y + y. Let a(o) = o + 3. Let b be a(3). Let v be 8 + (-3 - 1) - b. Calculate r(v).
6
Let u(r) = -4*r + 33. Let n be u(7). Let c(p) = -22*p + n*p + 8*p - 1. Calculate c(-2).
17
Let j(g) = g**3 - 3*g**2 - 1. Suppose -m - 17 = -14. Let o be 8/1*m/(-6). Give j(o).
15
Let h(t) = -3*t - 1. Suppose 3*d - 4*w = 24 - 12, 5*d + 3*w = 20. What is h(d)?
-13
Suppose -h + 4 = 5*l, 4*h = -l + 15 + 1. Suppose 2 + 2 = -h*y. Let v(x) = 28*x + 1. Calculate v(y).
-27
Suppose 2*i - 8 = 10. Let w(r) be the second derivative of r**3/6 + r**2 - 18*r. Give w(i).
11
Let m = -18 + 28. Let l be m/65 + 4/(-26). Let r(i) = 7*i + 22. Let j(s) = 6*s + 20. Let q(x) = -6*j(x) + 5*r(x). Determine q(l).
-10
Let b(q) = q**3 - 3*q**2 - 2*q + 3. Let v(j) = -j**3 + 5*j**2 - 15*j + 48. Let s be v(4). Calculate b(s).
11
Let s(v) = 3*v**2 - 4*v**2 + 28 - v**2 + 3*v**2 - 21*v. Let t be s(20). Let h(b) = -b**3 + 8*b**2 + 2*b - 2. What is h(t)?
14
Let l be (-4)/(-18) + 66/(-54). Let j be l/(28/10 + -3). Let a(c) = -5*c - c**3 + j - c**2 + 2*c - 5*c**2. What is a(-5)?
-5
Suppose 292*x + 26 = 279*x. Let m(y) = y**3 + 4*y**2 + 6*y + 2. Determine m(x).
-2
Let n(t) be the second derivative of t**5/20 - 7*t**4/12 + t**3/2 - 11*t**2/2 - 999*t. Give n(6).
-29
Suppose -24*h + 358 = -242. Let f(z) = -4*z + 101. Determine f(h).
1
Suppose 27 = -8*i - 21. Let b be (-1 + 0)*0/7. Let q(u) = b*u + u - 5 + 0. Determine q(i).
-11
Let l = -107 + 113. Suppose 3*y = -5*j - 40, -7*y + l*y = 4*j + 25. Let d(b) = -2*b - 6. Calculate d(y).
4
Let g(l) = -18 + 2*l**2 + 2*l**3 - 4*l**2 + 20. Calculate g(2).
10
Let n(q) = -12*q**3 + q**2 - 1. Let t be (2 + 1)*3/9. Determine n(t).
-12
Let i be (-16)/2 - (30 + -39). Let x(k) = -k**3 - 6*k**2 - 6. Let g(l) = l**2 + 1. Let r(s) = -6*g(s) - x(s). Calculate r(i).
1
Suppose u = -3*v - 4*u, -5*u = -5*v. Let h(i) = i + 31. Determine h(v).
31
Let f(j) = 9*j + 1. Suppose -7*z = 26 - 33. What is f(z)?
10
Let f(m) = -4*m**3 - 1. Let c(b) = -4*b**2 - 5*b**2 + 8*b**2 - 4*b - 1 + 5*b. Let l be c(1). Determine f(l).
3
Let m(a) = a**2 - 3*a - 1. Let g(d) = 5*d**2 - 6*d + 5. Let n be g(1). What is m(n)?
3
Let f(p) be the second derivative of -p**3/6 - 3*p**2/2 - 2*p. Suppose -i = j + 10, -2*i - 35 = 3*j + 2*i. Determine f(j).
2
Let u be -2*2/2*7/(-2). Let o(t) = 11*t + 6. Let f(c) = 13*c + 6. Let a(j) = u*o(j) - 6*f(j). What is a(5)?
1
Let y(c) be the first derivative of -c**2/2 - 2*c + 117. What is y(2)?
-4
Let x be 1 + -1 + 4*1. Let j(h) = -4*h**2 + 345 - 102 - 248 + h**3. Give j(x).
-5
Let a(x) be the second derivative of -x**4/12 - x**3 + 15*x**2/2 + 178*x. Give a(-8).
-1
Suppose -14*k - 112 = -2*k + 16*k. Let d(z) = 0 - 4 + 9*z**2 - 4*z**2 + 2*z + z**3. Calculate d(k).
4
Let g(t) = t**3 + 4*t**2 - t + 2. Let o be (-15)/6*(0 - -2*1). Give g(o).
-18
Suppose 0 = 2*u, 3*d + 0*u + u = 2 - 8. Let h(x) be the third derivative of -x**6/120 + x**5/20 + x**4/12 + x**3/3 - x**2. What is h(d)?
18
Let z(w) = w**3 - w**2 - 1. Suppose 3 = -0*f - 3*f. Let m(p) = -3*p**3 - 5*p**2